{"id":24,"date":"2017-02-13T13:56:29","date_gmt":"2017-02-13T13:56:29","guid":{"rendered":"http:\/\/c3.usac.edu.gt\/petencito.usac.edu.gt\/public_html\/?page_id=24"},"modified":"2024-04-15T20:05:29","modified_gmt":"2024-04-15T20:05:29","slug":"como-llegar-a-petencito","status":"publish","type":"page","link":"https:\/\/petencito.usac.edu.gt\/?page_id=24","title":{"rendered":"\u00bfC\u00f3mo llegar a Petencito?"},"content":{"rendered":"\n<div class=\"wp-block-columns alignfull has-background is-layout-flex wp-container-core-columns-is-layout-9d6595d7 wp-block-columns-is-layout-flex\" style=\"background-color:#3b4813\">\n<div class=\"wp-block-column is-layout-flow wp-block-column-is-layout-flow\">\n<div class=\"wp-block-columns is-layout-flex wp-container-core-columns-is-layout-9d6595d7 wp-block-columns-is-layout-flex\">\n<div class=\"wp-block-column is-layout-flow wp-block-column-is-layout-flow\" style=\"flex-basis:200px\"><\/div>\n\n\n\n<div class=\"wp-block-column is-layout-flow wp-block-column-is-layout-flow\">\n<p class=\"has-white-color has-text-color has-link-color wp-elements-e81dd87d391b679c4c865ae335d8d2aa\">El Centro de Educaci\u00f3n Ambiental y Vida Silvestre (CEAVS) -PETENCITO-, se encuentra ubicado al Norte de Guatemala en el departamento de Pet\u00e9n en la cabecera departamental, Flores, con las siguientes coordenadas 16\u00b055&#8217;32.83&#8243; Latitud Norte y 89\u00ba52&#8217;14.40&#8243; Longitud Oeste. A orillas del Lago Pet\u00e9n Itz\u00e1, en la Pen\u00ednsula de Tayazal, a una distancia de 18.12 km por v\u00eda terrestre de la cual 13.56 km., es carretera asfaltada y 4.56 km., es carretera de terracer\u00eda. Y por v\u00eda acu\u00e1tica a una distancia de 2.52 km hacia el Noroeste de la cabecera departamental.<\/p>\n<\/div>\n\n\n\n<div class=\"wp-block-column is-layout-flow wp-block-column-is-layout-flow\">\n<iframe src=\"https:\/\/www.google.com\/maps\/embed?pb=!1m18!1m12!1m3!1d3816.9360786492525!2d-89.87023928467727!3d16.92844502033336!2m3!1f0!2f0!3f0!3m2!1i1024!2i768!4f13.1!3m3!1m2!1s0x8f5f8d4747d08c69%3A0x4fd0654d02a8e40d!2sZoologico%20Petencito%20Flores%20Peten!5e0!3m2!1ses!2sgt!4v1650657972161!5m2!1ses!2sgt\" width=\"600\" height=\"300\" style=\"border:0;\" allowfullscreen=\"\" loading=\"lazy\" referrerpolicy=\"no-referrer-when-downgrade\"><\/iframe>\n<\/div>\n\n\n\n<div class=\"wp-block-column is-layout-flow wp-block-column-is-layout-flow\" style=\"flex-basis:100px\"><\/div>\n<\/div>\n<\/div>\n<\/div>\n\n\n\n<h2 class=\"wp-block-heading has-text-align-center\"><strong>POR V\u00cdA ACU\u00c1TICA<\/strong><\/h2>\n\n\n\n<p class=\"has-text-align-center\">Se recorren 15 minutos en lancha. Este medio acu\u00e1tico podemos abordarlo en La Isla de Flores, Pet\u00e9n o en la Plaza Concordia .<\/p>\n\n\n\n<figure class=\"wp-block-image alignfull size-large is-style-default\"><img loading=\"lazy\" decoding=\"async\" width=\"1024\" height=\"559\" src=\"https:\/\/petencito.usac.edu.gt\/wp-content\/uploads\/2022\/04\/DSC_5808-1024x559.jpg\" alt=\"\" class=\"wp-image-2451\" srcset=\"https:\/\/petencito.usac.edu.gt\/wp-content\/uploads\/2022\/04\/DSC_5808-1024x559.jpg 1024w, https:\/\/petencito.usac.edu.gt\/wp-content\/uploads\/2022\/04\/DSC_5808-300x164.jpg 300w, https:\/\/petencito.usac.edu.gt\/wp-content\/uploads\/2022\/04\/DSC_5808-768x419.jpg 768w, https:\/\/petencito.usac.edu.gt\/wp-content\/uploads\/2022\/04\/DSC_5808-1536x838.jpg 1536w, https:\/\/petencito.usac.edu.gt\/wp-content\/uploads\/2022\/04\/DSC_5808-2048x1117.jpg 2048w\" sizes=\"auto, (max-width: 1024px) 100vw, 1024px\" \/><\/figure>\n\n\n\n<h2 class=\"wp-block-heading has-text-align-center\"><strong>POR V\u00cdA TERRESTRE<\/strong><\/h2>\n\n\n\n<p class=\"has-text-align-center\">Carretera que conduce hacia la Ciudad de Guatemala, en el kil\u00f3metro 08, en el cruce que toma hacia Melchor de Mencos y Santa Ana Municipio, virar hacia la izquierda si viene de la Cabecera Departamental (Flores, Pet\u00e9n), entrar frente si viene de la Ciudad Capital, o virar hacia la derecha si viene del Municipio de Melchor de Mencos, en el cruce encontrar\u00e1 un R\u00f3tulo grande de Hotel Villa Maya, cond\u00fazcase en ese camino hacia Villa Maya; una parte est\u00e1 asfaltada, seguidamente encontrar\u00e1 03 kil\u00f3metros de terracer\u00eda que est\u00e1 en buenas condiciones. Adelante del r\u00f3tulo de la Laguneta de Yaln\u00f3n (cr\u00eda de p\u00e1jaros) que encontrar\u00e1 a mano derecha; encontrar\u00e1 a mano izquierda un r\u00f3tulo peque\u00f1o que dice: BIENVENIDOS CENTRO DE EDUCACI\u00d3N AMBIENTAL Y VIDA SILVESTRE PETENCITO.<\/p>\n\n\n\n<p class=\"has-text-align-center has-text-color has-link-color wp-elements-f5b52bf71f15c56cd0666316ec579337\" style=\"color:#4b562b\"><em><strong>El horario m\u00e1s recomendado para realizar el viaje es de las 7:AM hasta las 4:PM .<\/strong><\/em><\/p>\n\n\n\n<figure class=\"wp-block-image alignfull size-large\"><img loading=\"lazy\" decoding=\"async\" width=\"1024\" height=\"460\" src=\"https:\/\/petencito.usac.edu.gt\/wp-content\/uploads\/2022\/04\/1650658208762-1024x460.jpg\" alt=\"\" class=\"wp-image-2449\" srcset=\"https:\/\/petencito.usac.edu.gt\/wp-content\/uploads\/2022\/04\/1650658208762-1024x460.jpg 1024w, https:\/\/petencito.usac.edu.gt\/wp-content\/uploads\/2022\/04\/1650658208762-300x135.jpg 300w, https:\/\/petencito.usac.edu.gt\/wp-content\/uploads\/2022\/04\/1650658208762-768x345.jpg 768w, https:\/\/petencito.usac.edu.gt\/wp-content\/uploads\/2022\/04\/1650658208762-1536x691.jpg 1536w, https:\/\/petencito.usac.edu.gt\/wp-content\/uploads\/2022\/04\/1650658208762-2048x921.jpg 2048w, https:\/\/petencito.usac.edu.gt\/wp-content\/uploads\/2022\/04\/1650658208762-1110x500.jpg 1110w\" sizes=\"auto, (max-width: 1024px) 100vw, 1024px\" \/><\/figure>\n","protected":false},"excerpt":{"rendered":"<p>El Centro de Educaci\u00f3n Ambiental y Vida Silvestre (CEAVS) -PETENCITO-, se encuentra ubicado al Norte de Guatemala en el departamento de Pet\u00e9n en la cabecera departamental, Flores, con las siguientes coordenadas 16\u00b055&#8217;32.83&#8243; Latitud Norte y 89\u00ba52&#8217;14.40&#8243; Longitud Oeste. A orillas del Lago Pet\u00e9n Itz\u00e1, en la Pen\u00ednsula de Tayazal, a una distancia de 18.12 km [&hellip;]<\/p>\n","protected":false},"author":1,"featured_media":2457,"parent":0,"menu_order":0,"comment_status":"closed","ping_status":"closed","template":"","meta":{"iawp_total_views":138,"footnotes":""},"class_list":["post-24","page","type-page","status-publish","has-post-thumbnail","czr-hentry"],"_links":{"self":[{"href":"https:\/\/petencito.usac.edu.gt\/index.php?rest_route=\/wp\/v2\/pages\/24","targetHints":{"allow":["GET"]}}],"collection":[{"href":"https:\/\/petencito.usac.edu.gt\/index.php?rest_route=\/wp\/v2\/pages"}],"about":[{"href":"https:\/\/petencito.usac.edu.gt\/index.php?rest_route=\/wp\/v2\/types\/page"}],"author":[{"embeddable":true,"href":"https:\/\/petencito.usac.edu.gt\/index.php?rest_route=\/wp\/v2\/users\/1"}],"replies":[{"embeddable":true,"href":"https:\/\/petencito.usac.edu.gt\/index.php?rest_route=%2Fwp%2Fv2%2Fcomments&post=24"}],"version-history":[{"count":22,"href":"https:\/\/petencito.usac.edu.gt\/index.php?rest_route=\/wp\/v2\/pages\/24\/revisions"}],"predecessor-version":[{"id":2584,"href":"https:\/\/petencito.usac.edu.gt\/index.php?rest_route=\/wp\/v2\/pages\/24\/revisions\/2584"}],"wp:featuredmedia":[{"embeddable":true,"href":"https:\/\/petencito.usac.edu.gt\/index.php?rest_route=\/wp\/v2\/media\/2457"}],"wp:attachment":[{"href":"https:\/\/petencito.usac.edu.gt\/index.php?rest_route=%2Fwp%2Fv2%2Fmedia&parent=24"}],"curies":[{"name":"wp","href":"https:\/\/api.w.org\/{rel}","templated":true}]}}